its digit of u?
0
Suppose -5*n + 4*n + 25 = 0. Let i = 19 + n. Suppose -2*z + 4 = -3*t - 10, 0 = -4*z + 2*t + i. What is the tens digit of z?
1
What is the tens digit of 2/(-5) - (-157)/5?
3
Let l = -71 - -132. What is the tens digit of l?
6
Let h = 60 + -27. What is the units digit of h?
3
Let o(y) = -7*y - 7. Let w(l) = 20*l + 21. Let b(k) = 17*o(k) + 6*w(k). Let r be b(-3). What is the units digit of (-3 - -1) + 12/r?
1
Let x(n) = -n**3 + n**2 - n - 1. Let b(t) = 2*t**3 - 11*t**2 - 2*t + 5. Let u(i) = -b(i) - 3*x(i). Let p be u(-6). Let f = -24 + p. What is the tens digit of f?
1
Suppose -4*v - v + 16 = -4*a, -2*a - 8 = v. Let c = a + 5. What is the units digit of c?
1
Let p be (-2)/2 + (-7)/1. What is the tens digit of 330/21 - p/28?
1
Let k = -38 + 65. What is the tens digit of k?
2
Suppose -5*l + 5*y = 20, -3*l + 2*y + 0*y = 8. Let c be 7 - (-2 + (2 - l)). Suppose -c = -5*g + 13. What is the units digit of g?
4
Let p = 3 + -9. What is the units digit of 470/35 - p/(-14)?
3
Let p(n) = -n**3 - 4*n**2 - 3*n + 5. Let r be p(-4). Suppose 0 = -4*f + f - 2*g + r, f = 2*g + 19. What is the units digit of f?
9
Suppose -v + 4*d + 167 = 0, -5*d - 146 - 182 = -2*v. What is the hundreds digit of v?
1
Suppose 0 = -r - 4*r + 150. Suppose -6*b - 4*k + 40 = -2*b, 5*k = -b + r. Suppose -4*w + 12 = 4*y, 0 = -b*y + 3*w - w + 22. What is the units digit of y?
4
Let r be (4 - 0) + (0 - -2). Suppose -y + o - r = -3*o, 5*o + 17 = 3*y. What is the units digit of y?
4
Suppose 0 = 21*a - 20*a - 124. What is the tens digit of a?
2
Let o = -22 + 14. Let l(y) = -16*y. Let b be l(-1). Let g = b + o. What is the units digit of g?
8
What is the hundreds digit of ((-24)/10)/(3*14/(-3885))?
2
Suppose 4*k + 4*v - 26 = 2*k, -4*k - 2*v + 34 = 0. Let t = -1 + k. What is the units digit of t?
6
Suppose 2*q - 3*v = 321, 5*q = 3*q + 5*v + 315. What is the tens digit of q?
6
Let z(t) = 3*t**3 + 2*t**2. Let m be z(2). Let g = -22 + m. What is the units digit of g?
0
Let u = -416 + 643. What is the tens digit of u?
2
Let l(x) = -x**2 - 9*x + 4. Let d be l(-9). Suppose d = -k - 3. Let m = 5 - k. What is the units digit of m?
2
What is the units digit of 3*(-2)/3*(-396)/11?
2
Suppose -9*t = -12*t + 69. What is the tens digit of t?
2
Let p = -27 + 8. Let t(g) = 6*g**3 + 3*g**2 + g + 1. Let c be t(-2). Let w = p - c. What is the units digit of w?
8
Let l be (-4 + 5)/(2/16). Let n(q) = q + 6. What is the tens digit of n(l)?
1
What is the hundreds digit of 7*((-25)/(-5) - -39)?
3
Let d be 10/15*(-39)/(-2). Suppose 5*l + 3 = 3*t, -t - d = 4*l - l. Let v = t - -10. What is the units digit of v?
6
Let y(d) = -2*d**3 - 2*d**2 + 5*d - 1. Let j be y(-6). Suppose -11*v + 4*v = -j. What is the tens digit of v?
4
Let x(k) = -2 + 1 + 4 + k + 6. Let i be x(-6). Suppose -2*z = -i*v + 48, 2*v = v - 2*z + 8. What is the tens digit of v?
1
Let h(u) = -5 + 3*u**2 + 9*u - 3*u**3 + 4*u**2 + u**3 + u**3. Let i be h(8). Suppose 0 = -5*r + k + 27, 4*r - i*r - 5*k + 9 = 0. What is the units digit of r?
6
Suppose 2*x = 7 + 3. What is the units digit of x?
5
Let d(f) = f**3 - 2*f**2 - 5*f + 1. Let b be d(4). Suppose -g + 11 = -4*j, 2*j = 3*g - 0*g - b. What is the tens digit of 12 + j*(-1 + 2)?
1
Suppose 5*g = g + 8. Suppose 3*p = g*b - 9, -4*b - 1 + 4 = -p. What is the units digit of 3/((-1)/(-2 - b))?
6
Suppose 0 = -4*c + 2 + 542. What is the hundreds digit of c?
1
Let p(s) = 2*s**2 - 13*s + 8. What is the tens digit of p(13)?
7
Let u be -3*2/(-3) + -4. What is the units digit of 9/((-2)/4 - u)?
6
What is the units digit of 882/21 + (-4)/(-1)?
6
Let j = -12 - -5. Let c = j + 11. Suppose 0*v = 4*v - c. What is the units digit of v?
1
Let n(i) be the third derivative of i**4/24 - i**3 + 2*i**2. What is the units digit of n(8)?
2
Let d = 462 + -247. What is the units digit of d?
5
Let d = 14 - -15. What is the units digit of d?
9
What is the units digit of (-91)/(-2) + (-42)/(-28)?
7
Suppose 2*o = 7*o + 10. Let t(z) = z + 2. Let q be t(o). Suppose -2*k - 6 = q, 2*k - 6 - 9 = -3*d. What is the units digit of d?
7
Let z be (-34)/(-12) + 1/6. Suppose -3*w - 2*q - 26 = 0, -z*w + 5*w + 5*q = 1. What is the units digit of (8/w)/((-4)/18)?
3
Suppose -2*x - 5*x = -224. What is the tens digit of x?
3
Suppose -10 = -3*b + 4*d - 2, -2*d = 5*b + 30. Let s(q) = -2*q + 7. Let j be s(-8). What is the units digit of b*3/6 + j?
1
Let b(k) = -k**3 - 7*k**2 + 8*k + 8. Suppose -4*p + 5*t - 57 = 0, t = -2*p + 4*t - 31. What is the units digit of b(p)?
8
Suppose 2*w = -11 + 231. What is the units digit of w?
0
Suppose 2*f = -3 + 1. Let c(y) = -2*y - 5. Let i(z) = -4*z - 11. Let o(g) = 9*c(g) - 4*i(g). What is the units digit of o(f)?
1
Suppose 12 = 8*b - 4*b. Suppose 0 = b*m + 2 - 11. What is the units digit of m?
3
Suppose -6*o + 89 = 17. Let d = -8 + o. What is the units digit of d?
4
Let j = 122 - -10. What is the units digit of j?
2
Let b be (-1)/(1 - 3/2). Let k(g) = g**2 + 4*g**2 + 11*g - 2*g**b - 9*g. What is the units digit of k(-2)?
8
Suppose -5*n + 4 = -1. What is the units digit of n?
1
Suppose -2*l + 70 = d + 15, 4*d = 4*l - 116. Suppose -7*s = -2*f - 2*s + 6, 2*s = -3*f + l. Suppose f = 2*g - 4. What is the units digit of g?
6
Suppose 0*r = -4*p - 5*r + 231, 295 = 5*p + 5*r. What is the units digit of p?
4
Suppose 214 = -5*w + 54. Let c be (w/(-10))/((-2)/20). Let m = -19 - c. What is the units digit of m?
3
Suppose -5*y + 55 = -4*y. Suppose 5*v - 80 = y. What is the units digit of v?
7
Suppose -l + 6*l = 150. Suppose -4*m - l = -9*m. What is the units digit of m?
6
Let u(x) = -x**2 + 6*x - 6. Let s be u(5). Let p = 4 + s. Suppose -3*o = -2*g + 5, 33 = p*g + 7*o - 3*o. What is the units digit of g?
7
Let l(m) = -m**3 - m**2 + 3. Let y be l(0). Let z(t) = -t**2 + 5*t - 2. Let a be z(y). Suppose 2 = -g + a*h, 0 = 2*h - 4. What is the units digit of g?
6
Suppose 0 = -4*v - 62 + 190. What is the tens digit of v?
3
Let n(u) be the third derivative of u**6/60 + u**5/60 - u**3/6 - 2*u**2. Let f(l) = 2*l - 1. Let x be f(1). What is the units digit of n(x)?
2
Let i(u) = -5*u - 2 + u + 2*u**3 + u**2 + 0. Let b be i(-3). Let j = 51 + b. What is the tens digit of j?
1
Let r be ((-3)/6)/(2/4). Let b = r - -2. What is the units digit of b?
1
Let c be 25/10*12/10. Suppose 0*y = -c*y. What is the tens digit of (y - 17)*(3 - 4)?
1
Let j(m) = 4*m**3 + 5*m**2 - 2*m - 7. Let v be j(-5). What is the units digit of 4/(-10) + v/(-30)?
2
Let o = -1 + 3. Suppose o*x = -x + 3. What is the units digit of x?
1
Suppose 73 = i + 2*z, 0*z - 256 = -4*i + 4*z. What is the tens digit of i?
6
Suppose -5*s = -2*x - 109, -2*s - 2*s = x - 95. What is the units digit of s?
3
Let t = 6 + -2. Suppose 5*v = 2*a - 55, -t*v = -3*a - 9*v + 20. What is the tens digit of a?
1
Suppose -2*l + 2*u = -98, -3*l - u = -5*l + 101. What is the units digit of l?
2
What is the units digit of 1/(16/860) + 1/4?
4
Suppose -3*p - 15 = 3*t, -2*p + 28 = -5*t - 4*p. What is the tens digit of -21*(16/t)/4?
1
Let w(i) = -i**2 - 8*i - 1. What is the tens digit of w(-4)?
1
Suppose -5*s = 6 - 156. Suppose 4*i - s = -i. What is the units digit of i?
6
Suppose -3*i - 4*a + 45 + 10 = 0, 5*i + a - 86 = 0. What is the units digit of i?
7
What is the tens digit of (-12)/54 - 652/(-18)?
3
Let u be (-624)/(-44) + 4/(-22). Suppose 2*m + u = 3*m. What is the tens digit of m?
1
Let z be 0*(2 - 1)/1. Suppose z = -5*y - 0*y. Let h = y - -6. What is the units digit of h?
6
Suppose 168 = l - q, 0 = -4*l + q - 160 + 829. What is the tens digit of l?
6
Let x = 12 + -18. Let g = -8 - x. Let q = g + 3. What is the units digit of q?
1
Let d(u) be the second derivative of u**4/3 - u**3/2 + u**2/2 - u. Let o be d(2). Suppose -5*v = -j + 4*j + 1, 0 = 3*j - v - o. What is the units digit of j?
3
What is the units digit of (-12)/(-18)*(-3)/2 + 75?
4
Suppose -4*w + 38 = -2*w. What is the tens digit of w?
1
Let n(g) = -g**2 + 13*g - 7. Let y(r) = 2*r**2 - 25*r + 14. Let b(l) = -5*n(l) - 3*y(l). Let c be b(9). Suppose -c*z = -15 - 5. What is the tens digit of z?
1
Let p(m) = -m - 9. Let f be p(-4). Let y be -20*(2 + 14/f). Let w = -11 + y. What is the units digit of w?
5
Suppose 0*a + a = 177. What is the tens digit of a?
7
Suppose -3*s - 6 = -15. Suppose -3*x - a + s*a = -101, 4*a = -5*x + 139. What is the ten